the highest common divisor of 9 and h?
9
Let f(d) = 4*d + 177. Let m be f(-44). Let i(w) = 4*w + 20. Let y be i(m). Calculate the greatest common divisor of y and 312.
24
Suppose -167*y + j = -166*y - 31, -99 = -3*y + 5*j. Let n(f) = 25*f**2 - 2. Let m be n(2). Calculate the greatest common divisor of m and y.
14
Let r = 97 - 76. Let l be 2/((4 + -1)/252). What is the greatest common factor of l and r?
21
Let o be ((-16)/(-2))/((-1)/(-4)). Let r(f) = -f + 26. Let j be r(6). Suppose 5*h = -2*c + j + 4, 18 = 5*h - c. Calculate the highest common factor of h and o.
4
Let n = -191465 - -191474. Suppose -6*v - 128 = -2*q - 2*v, -5*q + 3*v = -348. Calculate the greatest common factor of q and n.
9
Let f be -14*2/6*-6. Suppose s + 22 = 5*c, -60*s = -59*s + 3*c - 26. What is the highest common factor of s and f?
4
Suppose -2*v - 1763 = -3*w, 40*v - 10 = 35*v. What is the greatest common factor of 57 and w?
19
Let j be 13 - (-98 + 106)*(0 + 2/(-4)). What is the highest common factor of 799 and j?
17
Suppose 0 = -5*b + 188 - 23. Calculate the greatest common divisor of 3 and b.
3
Suppose -3*s - 2*s + 55 = 0. Let x = -143 - -173. Let j be (5*12/x)/2. What is the highest common factor of s and j?
1
Let j(o) = 9*o**2 + 2*o - 1. Let x be j(1). Let d(u) = 2*u**2 - 11*u - 2. Let t be d(6). Suppose -2*s + s = -t. Calculate the highest common factor of s and x.
2
Let i(f) = -f**2 + 12*f + 5. Let t be i(9). Let w be t/(-12) - -2 - (-1012)/6. Suppose -3*x - w = -11*x. Calculate the greatest common factor of x and 42.
21
Suppose 0 = h - 36 + 14 - 21. What is the highest common divisor of 3483 and h?
43
Let s(d) = 12*d**2 + d + 1. Let o = -279 - -282. Let z be s(o). Calculate the highest common factor of z and 140.
28
Let k be -4 - -2 - ((-150)/7)/((-96)/(-3360)). What is the greatest common factor of k and 308?
44
Let h(n) = 4*n**3 - 2*n**2 + 2*n - 1. Let d be h(1). Let f be (13/(-15))/(28/(-420)). Calculate the highest common divisor of d and f.
1
Suppose -33*u - 20 = -43*u. Suppose 2*d = -4*y + 1060, -529 = -u*d + d - y. What is the highest common divisor of 48 and d?
48
Let o = -925 + 1511. Let t = o - 516. Calculate the highest common divisor of 1 and t.
1
Let y = 426 + -423. Suppose -2*p - 317 = -5*i, -2*i - y*i + 337 = 3*p. Calculate the highest common factor of i and 52.
13
Let u(h) = h + 28. Let l be u(-18). Suppose 26 - 6 = l*i. Suppose 3*w - i = 22. What is the highest common divisor of w and 64?
8
Let u(w) = 41*w + 269. Let z = 194 - 199. Let b be u(z). Calculate the greatest common divisor of b and 96.
32
Suppose 133*y + 5497 = 343450. Calculate the highest common factor of y and 22.
11
Suppose 617*f + 18 = 610*f + 1635. What is the greatest common divisor of f and 9?
3
Let m = 46 + 1480. What is the greatest common divisor of 14 and m?
14
Let s(d) = 179*d - 1190. Let p be s(8). What is the highest common factor of p and 11?
11
Suppose -5*c - 11*g + 225 = -6*g, 5*c + 4*g - 222 = 0. What is the greatest common factor of c and 56?
14
Suppose 0 = -32*q + 11*q + 126. Suppose 4*s = -d + 12, -8 = -q*s + 10*s - 4*d. Calculate the greatest common divisor of s and 2.
2
Let z(m) = 2*m**3 + 3*m**2 + 2*m - 17. Let n be z(3). Calculate the greatest common factor of 602 and n.
14
Let c = 20446 + -19896. Calculate the greatest common factor of c and 800.
50
Suppose -i + 5*s = 3*i - 354, -4*i + 358 = -3*s. Let g(u) = -u**2 - 43*u + 1185. Let r be g(-62). Calculate the highest common divisor of r and i.
7
Suppose -2*w = -12 - 44. Let l be -8*(-4)/8*14. Suppose s - l = -3*s. Calculate the greatest common factor of s and w.
14
Suppose -d - 348 = -2*f, 95 - 125 = 5*d. What is the greatest common factor of 6327 and f?
171
Suppose -v + 355 = 2*r - 115, 1410 = 3*v + r. Calculate the greatest common factor of 5405 and v.
235
Suppose 162 = 4*s - 18. Let q = s + -38. Suppose -q*y = -9*y + 24. What is the greatest common factor of 18 and y?
6
Let r = -38967 - -48917. What is the highest common factor of 150 and r?
50
Let y(z) = 788*z - 1536. Let g be y(2). What is the greatest common divisor of g and 19620?
20
Let d = 150 + -146. Suppose 37*q - 36*q - 2 = 0, -3*q = -d*l + 2806. Calculate the greatest common factor of l and 19.
19
Let o be (27*(2 - 3))/(22/(-330)). What is the greatest common divisor of 324 and o?
81
Let d(j) = -j + 61. Suppose -9 + 85 = 4*u. Let x be d(u). What is the highest common divisor of 294 and x?
42
Let n = -4186 + 6390. What is the highest common divisor of 29 and n?
29
Let w(p) = p + 11. Let s be (-56)/294*-72 + (-4)/(-14). Let t be w(s). Calculate the highest common divisor of t and 25.
25
Suppose -4*c = 2*r - 100, 4*c + 0*r - 100 = 5*r. Suppose 5*u - 16 + 11 = 3*m, 5*u + 2*m - 5 = 0. Calculate the highest common divisor of u and c.
1
Let j be (-11 - (-20 + 17)) + 1 + 22. Let h(n) = 2*n**3 - 4*n**2 + 3*n - 1. Let g be h(4). Calculate the greatest common factor of g and j.
15
Suppose 9*x = -1187 + 2366. Let d = -102 + x. Suppose -3*m = -4*m - 3*n + 188, 4*m - 2*n = 822. Calculate the highest common factor of d and m.
29
Let g(h) = -4*h**3 + h + 2. Let j be g(-1). Suppose l - 1 = j*q, q = -0 + 2. What is the greatest common divisor of l and 11?
11
Let o(h) = -5*h**2 + 91*h - 16. Let n be o(12). Calculate the greatest common divisor of n and 3026.
178
Suppose 59*r + 19033 = 82517. Calculate the greatest common divisor of r and 16.
4
Let z(q) = -q**2 - 18*q - 52. Let l(j) = j**2 + 2*j - 38. Let v be l(-6). Let a be z(v). What is the highest common divisor of a and 12?
4
Suppose 0 = 5*i - 10, -4*z + 2*i - i = -1034. Let w = z + -239. Let n(g) = -g**2 + 15*g + 6. Let s be n(11). What is the greatest common factor of s and w?
10
Suppose 5*p + f + 34 = 7*p, 2*p = -4*f + 54. Suppose 4*n - 3*c = p, 5*n = 3*n - 2*c + 6. Suppose n*h - 2 = 18. What is the highest common divisor of 85 and h?
5
Let r(p) = p**2 - 3*p - 1. Suppose 0 = 2*i + 2*i - 8. Let x be i + (-5 - -1) + (-18 - -16). Let z be r(x). Calculate the highest common divisor of z and 297.
27
Let d be (-2046)/(-8) + 7/(-4). Suppose 0 = 3*m - m + 5*w - 110, -2*w + d = 5*m. Calculate the highest common factor of 20 and m.
10
Suppose -305*k + 331*k = 16926. What is the greatest common factor of k and 483?
21
Let a(u) = 3*u**2 - 21*u. Let r be a(7). Suppose r = 11*o + 3 - 333. What is the highest common divisor of o and 42?
6
Suppose -7266*c = -7270*c + 1540. Calculate the greatest common factor of 2156 and c.
77
Let b = 505 + -500. Suppose b*j + r = 50, 21 = 4*j - 2*r - r. Calculate the highest common divisor of j and 15.
3
Suppose -2*v = y - 12, 3*y + v = -3*v + 36. Suppose 0 = 6*h - y*h + 264. What is the greatest common divisor of 12 and h?
4
Let k be 20/(-5)*(-1)/2*3. Let m(s) = -4*s + 24. Let z be m(k). Suppose z = -5*c + 62 + 18. What is the highest common divisor of 16 and c?
16
Let n(a) = 14*a**2 + 3*a. Let y be n(3). Let x be (12/(-1))/(6/(-9*4)). Let q be 57 + 5 + x/(-9). Calculate the highest common factor of q and y.
27
Suppose 350 = 347*j - 340*j. Let k = -60 + 101. Let g = j - k. Calculate the greatest common factor of 27 and g.
9
Suppose 5 = o + d - 1, 3*o - 3*d - 24 = 0. Suppose 0*b = -7*b + o. Let v be (-11 - b)/(30/(-100)). Calculate the greatest common factor of v and 5.
5
Let l be 2/(2/(-3))*-2. Let h(z) = -9*z - 51. Let s be h(-6). Suppose -4*w = -5*f + 50, 3*f - f + 3 = -s*w. What is the greatest common factor of f and l?
6
Let l(w) = -w**3 + 27*w**2 + 13*w + 118. Let s be l(27). Calculate the greatest common factor of s and 603.
67
Let c be -1 + 13/11 - 42/(-11). Suppose -25*h - c*h = -406. What is the highest common factor of 119 and h?
7
Let a be ((-600 - 4) + -2)/(-2). Suppose -300*b - 15 = -a*b. Suppose 5*z - 105 = -2*x, -3*x + 2*z + 100 = -2*z. Calculate the highest common divisor of b and x.
5
Let p be 42/2 - (-260)/(-13). Calculate the greatest common divisor of p and 175.
1
Let j = -7405 + 7489. Calculate the highest common factor of j and 966.
42
Let a = 138 - 137. Let m be (-23 - a)/(-3*2/6). What is the greatest common factor of 216 and m?
24
Let d(x) = 1704*x + 25826. Let j be d(-15). Let p = 30 - 11. What is the highest common factor of p and j?
19
Let a = 9 + -3. Let z be (-366)/(-5673) + (-3158)/(-62). Calculate the greatest common factor of z and a.
3
Let g be ((-12